what is -1111100111110001010110 + -1?
-1111100111110001010111
In base 10, what is -4 - 70888563?
-70888567
In base 8, what is -2 - 242577062?
-242577064
In base 6, what is -31 + -44511255?
-44511330
In base 13, what is -838820b - 4?
-8388212
In base 12, what is 835491 + -4?
835489
In base 6, what is -145500 - 4544?
-154444
In base 5, what is 1024044012 + -321?
1024043141
In base 8, what is 3 + 1177716640?
1177716643
In base 10, what is 11971845 + -6?
11971839
In base 5, what is 31340 + 1424011?
2010401
In base 11, what is -5 + -3707594?
-3707599
In base 10, what is -2 + 10061539?
10061537
In base 7, what is 443132 - -52?
443214
In base 15, what is -463880d8 - 1?
-463880d9
In base 11, what is -2382 + 1aa?
-2183
In base 16, what is 397958 - -5?
39795d
In base 16, what is 2 - 5b60d3?
-5b60d1
In base 7, what is 23 - 44355302?
-44355246
In base 15, what is -bb24e - -a?
-bb244
In base 5, what is -122331040101 - 0?
-122331040101
In base 9, what is -471 + -877755?
-878336
In base 6, what is -4503444420 - 3?
-4503444423
In base 12, what is -6a - 25a15?
-25a83
In base 12, what is 2 - 3001a4b1?
-3001a4ab
In base 4, what is 302212100 - -100?
302212200
In base 8, what is 12256 - 55126?
-42650
In base 5, what is 213034310 + -42?
213034213
In base 8, what is 245 - -14663?
15130
In base 8, what is 647663 - 11?
647652
In base 4, what is -20121 - -102021001?
102000220
In base 2, what is -1110000111101001110 - -10?
-1110000111101001100
In base 12, what is 219 - 21750?
-21533
In base 9, what is 175562326 - -6?
175562333
In base 7, what is -343156662 + -4?
-343156666
In base 8, what is 4316403 - 1353?
4315030
In base 14, what is -14 + -1ad051a?
-1ad0530
In base 14, what is 3407d393 - -1?
3407d394
In base 6, what is 4322 - 21130?
-12404
In base 11, what is 9 + -1581284?
-1581276
In base 13, what is bc7 - -13bc?
22b6
In base 13, what is 742 - 3441?
-29cc
In base 16, what is 3 - 6a6c6c?
-6a6c69
In base 7, what is -22313430 - 321?
-22314051
In base 15, what is -2 - -bd506?
bd504
In base 2, what is -10101 + 11001000011000110101011?
11001000011000110010110
In base 5, what is -21340334 - 114?
-21341003
In base 15, what is d2e2c + 18?
d2e45
In base 2, what is -100001101100101011100010 - -101?
-100001101100101011011101
In base 9, what is -51120106 + 6?
-51120100
In base 11, what is 11717926 - 2?
11717924
In base 9, what is -586 + -22041?
-22637
In base 7, what is 14 - -5402612?
5402626
In base 12, what is a6 - 8232?
-8148
In base 2, what is 10101011100101 - 10100110111?
10010110101110
In base 14, what is b738 - 26c?
b4aa
In base 8, what is 1171401 + -1136?
1170243
In base 4, what is -1300233111 - -30?
-1300233021
In base 6, what is 530 - 10335110?
-10334140
In base 16, what is -6c - -52ce5?
52c79
In base 5, what is -4 + 424430044044?
424430044040
In base 6, what is -3214525322 + 0?
-3214525322
In base 8, what is -1 + -2714744?
-2714745
In base 6, what is -21221 - 11454?
-33115
In base 12, what is -80a5 - 331?
-8416
In base 16, what is -a201 + 242?
-9fbf
In base 9, what is 2 - 32212512?
-32212510
In base 6, what is 324304 - -520343?
1245051
In base 10, what is -5 - 942217?
-942222
In base 12, what is 9143 + -5a?
90a5
In base 15, what is 2164c + 56?
216a3
In base 10, what is 65 + 3636?
3701
In base 5, what is -1 - -141004142030?
141004142024
In base 7, what is -6401246434 - -1?
-6401246433
In base 11, what is -3a9 + -236524?
-236922
In base 12, what is -13 - -a78344a?
a783437
In base 10, what is -66943367 + 4?
-66943363
In base 9, what is -58 + -604606?
-604665
In base 14, what is 183478 - c?
18346a
In base 13, what is -589 - 500c?
-5598
In base 8, what is -225006635 + 5?
-225006630
In base 15, what is 207a - -355?
23d0
In base 6, what is -142320 - -22020?
-120300
In base 16, what is -93 + -1724?
-17b7
In base 16, what is ed52 + a35?
f787
In base 12, what is -4037 + -a08?
-4a43
In base 6, what is 3154531052 - -4?
3154531100
In base 5, what is 133 + -1340021200?
-1340021012
In base 7, what is -1106601153 - -1?
-1106601152
In base 7, what is -2132216 - 223?
-2132442
In base 8, what is 256112703 - 1?
256112702
In base 16, what is ac84b - -9?
ac854
In base 10, what is 7 + 12117729?
12117736
In base 3, what is -2011 + 20202120022?
20202111011
In base 5, what is 22 + 221112422?
221112444
In base 13, what is -18b0437 + 3?
-18b0434
In base 6, what is 1152033 + 201333?
1353410
In base 12, what is -29 - 19903b?
-199068
In base 4, what is 112031100330 - -12?
112031101002
In base 6, what is -25225341 + -35?
-25225420
In base 15, what is 59d93b - -8b?
59d9c7
In base 6, what is -5215 - 224?
-5443
In base 5, what is 10400423 - 221?
10400202
In base 13, what is 364725 - -34?
364759
In base 11, what is -1 + 69413282?
69413281
In base 5, what is -1 + -132442101?
-132442102
In base 9, what is 883047536 - 4?
883047532
In base 6, what is 10554 + 22353414?
22404412
In base 3, what is -10221020100 + -2122001?
-11000212101
In base 16, what is f3c56 - -3?
f3c59
In base 9, what is -65332683 - 2?
-65332685
In base 8, what is -375412 - -23710?
-351502
In base 2, what is -101101101110 - -1011011010100?
101101100110
In base 11, what is -3aa36 + 2965?
-38081
In base 9, what is -20643 - 21444?
-42187
In base 12, what is 531bb - -768?
53967
In base 11, what is 56a14 - 103?
56911
In base 12, what is -4119 + -518?
-4635
In base 15, what is -122a2 - 4a?
-122ec
In base 14, what is c23 + -429c?
-3479
In base 9, what is -653456 - -516?
-652840
In base 8, what is -67442314 - -1?
-67442313
In base 7, what is -4 - -106406513?
106406506
In base 2, what is 100001 - 1111001110110001010111011?
-1111001110110001010011010
In base 10, what is 545 - -482081?
482626
In base 14, what is 67227393 - -1?
67227394
In base 10, what is 8524220 + -1?
8524219
In base 15, what is -15 - a634?
-a649
In base 2, what is -101001100000010010 - -110111?
-101001011111011011
In base 7, what is 1135 - 333316?
-332151
In base 9, what is -31 + 137571?
137540
In base 8, what is -3 - 1167217?
-1167222
In base 14, what is 6376 - 1795?
49c1
In base 7, what is -11250 + 54633?
43353
In base 10, what is -3 + -6722073?
-6722076
In base 9, what is -78 + 1388710?
1388621
In base 11, what is 3aa492 - -7?
3aa499
In base 2, what is 11001 + -100010000100011001010?
-100010000100010110001
In base 6, what is -515 - -2524220?
2523301
In base 14, what is 165 - -ab4a?
acb1
In base 7, what is -32022123 - 115?
-32022241
In base 8, what is -6101446 + -26?
-6101474
In base 5, what is 4 - -1220121242?
1220121301
In base 3, what is 1 - 1020011220100?
-1020011220022
In base 5, what is 1 - 24232410431?
-24232410430
In base 14, what is -32a4a + 794?
-32296
In base 13, what is -4 - -602579?
602575
In base 4, what is -122 - -33300212303?
33300212121
In base 7, what is 3366003 - -2064?
3401100
In base 8, what is -327 + 70553?
70224
In base 7, what is -1426455 + -441?
-1430226
In base 6, what is 5444223555 - 2?
5444223553
In base 7, what is 2 + -4220005351?
-4220005346
In base 9, what is -542 + 378?
-153
In base 13, what is -12279 - -1740?
-10839
In base 8, what is 422 - 2540140?
-2537516
In base 16, what is 155f18b - -9?
155f194
In base 11, what is 9a0152 + -258?
99a9a5
In base 14, what is 3b812 - 148?
3b6a8
In base 3, what is 112012 - -10110211020?
10111100102
In base 6, what is -221514054 + 440?
-221513214
In base 10, what is -36078 - -86?
-35992
In base 15, what is d + -91ee6?
-91ed8
In base 12, what is 21282 - -149?
2140b
In base 13, what is -7000c5 - -6?
-7000bc
In base 5, what is -304323032 - 3423?
-304332010
In base 4, what is -1100032 - 1023?
-1101121
In base 14, what is 82b611 - -5?
82b616
In base 13, what is -5 + c67cb7?
c67cb2
In base 14, what is -13 - -6337cc?
6337b9
In base 3, what is -1000102020 - 2102002?
-1002211022
In base 3, what is 220010111121 - -1102102?
220011221000
In base 5, what is 1120402 - 120143?
1000204
In base 14, what is 8d7 - -bc498?
bcd91
In base 9, what is -5754781 - 1?
-5754782
In base 7, what is -425645 - 6?
-425654
In base 3, what is 100212022202202101 + -22?
100212022202202002
In base 13, what is 112979bc3 + -1?
112979bc2
In base 10, what is -80044 - -962?
-79082
In base 14, what is 46 + -8c40a?
-8c3a4
In base 5, what is -112202300 + -111?
-112202411
In base 16, what is -b43bf0 + 0?
-b43bf0
In base 3, what is 1021120 - 2020212212221?
-